{"id":79,"date":"2017-12-28T17:31:37","date_gmt":"2017-12-28T16:31:37","guid":{"rendered":"http:\/\/www.dus4you.de\/?page_id=79"},"modified":"2018-05-21T12:28:26","modified_gmt":"2018-05-21T10:28:26","slug":"impressum","status":"publish","type":"page","link":"https:\/\/dus4you.de\/index.php\/impressum\/","title":{"rendered":"Impressum"},"content":{"rendered":"<hr \/>\n<h2><span style=\"font-family: arial, helvetica, sans-serif;\">Angaben gem\u00e4\u00df \u00a7 5 TMG:<br \/>\n<\/span><span style=\"font-size: 14pt; font-family: arial, helvetica, sans-serif;\">Frank Engels\u00a0<\/span><\/h2>\n<p><span style=\"font-family: arial, helvetica, sans-serif;\">Gengerstr. 6<\/span><br \/>\n<span style=\"font-family: arial, helvetica, sans-serif;\"> 40239 D\u00fcsseldorf<br \/>\n<\/span><span style=\"font-family: arial, helvetica, sans-serif;\">Ruf: 0172-2109653<\/span><\/p>\n<p><span style=\"font-family: arial, helvetica, sans-serif;\">Gesellschafter: Frank Engels<\/span><\/p>\n<p><span style=\"color: #000000; font-size: 15px; font-family: arial, helvetica, sans-serif;\">Umsatzsteuer-Identifikationsnummer gem. \u00a7 27a UStG: DE XXXXXXXXX<\/span><\/p>\n<p><span style=\"color: #000000; font-size: 15px; font-family: arial, helvetica, sans-serif;\"><b>Inhaltlich Verantwortlicher gem. \u00a7 55 II RStV: Frank Engels (Anschrift s.o.)<\/b><\/span><\/p>\n<h2><span style=\"font-family: arial, helvetica, sans-serif;\">Kontakt:<\/span><\/h2>\n<p><span style=\"font-family: arial, helvetica, sans-serif;\">Frank Engels &#8211; Ruf\/Call: 0172-2109653 oder per E-Mail: Frank.Engels(at)dus4you.de<\/span><\/p>\n<h2><span style=\"font-family: arial, helvetica, sans-serif;\">Verantwortlich f\u00fcr den Inhalt nach \u00a7 55 Abs. 2 RStV:<\/span><\/h2>\n<p><span style=\"font-family: arial, helvetica, sans-serif;\">Frank Engels<\/span><br \/>\n<span style=\"font-family: arial, helvetica, sans-serif;\"> Gengerstr. 6<\/span><br \/>\n<span style=\"font-family: arial, helvetica, sans-serif;\"> 40239 D\u00fcsseldorf<\/span><\/p>\n<h1><span style=\"font-family: arial, helvetica, sans-serif;\">Haftungsausschluss (Disclaimer)<\/span><\/h1>\n<p><span style=\"font-family: arial, helvetica, sans-serif;\"><b>Haftung f\u00fcr Inhalte<\/b><\/span><br \/>\n<span style=\"font-family: arial, helvetica, sans-serif;\"> Als Diensteanbieter sind wir gem\u00e4\u00df \u00a7 7 Abs.1 TMG f\u00fcr eigene Inhalte auf diesen Seiten nach den allgemeinen Gesetzen verantwortlich. Nach \u00a7\u00a7 8 bis 10 TMG sind wir als Diensteanbieter jedoch nicht verpflichtet, \u00fcbermittelte oder gespeicherte fremde Informationen zu \u00fcberwachen oder nach Umst\u00e4nden zu forschen, die auf eine rechtswidrige T\u00e4tigkeit hinweisen. Verpflichtungen zur Entfernung oder Sperrung der Nutzung von Informationen nach den allgemeinen Gesetzen bleiben hiervon unber\u00fchrt. Eine diesbez\u00fcgliche Haftung ist jedoch erst ab dem Zeitpunkt der Kenntnis einer konkreten Rechtsverletzung m\u00f6glich. Bei Bekanntwerden von entsprechenden Rechtsverletzungen werden wir diese Inhalte umgehend entfernen.<\/span><\/p>\n<p><span style=\"font-family: arial, helvetica, sans-serif;\"><b>Haftung f\u00fcr Links<\/b><\/span><br \/>\n<span style=\"font-family: arial, helvetica, sans-serif;\"> Unser Angebot enth\u00e4lt Links zu externen Webseiten Dritter, auf deren Inhalte wir keinen Einfluss haben. Deshalb k\u00f6nnen wir f\u00fcr diese fremden Inhalte auch keine Gew\u00e4hr \u00fcbernehmen. F\u00fcr die Inhalte der verlinkten Seiten ist stets der jeweilige Anbieter oder Betreiber der Seiten verantwortlich. Die verlinkten Seiten wurden zum Zeitpunkt der Verlinkung auf m\u00f6gliche Rechtsverst\u00f6\u00dfe \u00fcberpr\u00fcft. Rechtswidrige Inhalte waren zum Zeitpunkt der Verlinkung nicht erkennbar. Eine permanente inhaltliche Kontrolle der verlinkten Seiten ist jedoch ohne konkrete Anhaltspunkte einer Rechtsverletzung nicht zumutbar. Bei Bekanntwerden von Rechtsverletzungen werden wir derartige Links umgehend entfernen.<\/span><\/p>\n<p><span style=\"font-family: arial, helvetica, sans-serif;\"><b>Urheberrecht<\/b><\/span><br \/>\n<span style=\"font-family: arial, helvetica, sans-serif;\"> Die durch die Seitenbetreiber erstellten Inhalte und Werke auf diesen Seiten unterliegen dem deutschen Urheberrecht. Die Vervielf\u00e4ltigung, Bearbeitung, Verbreitung und jede Art der Verwertung au\u00dferhalb der Grenzen des Urheberrechtes bed\u00fcrfen der schriftlichen Zustimmung des jeweiligen Autors bzw. Erstellers. Downloads und Kopien dieser Seite sind nur f\u00fcr den privaten, nicht kommerziellen Gebrauch gestattet. Soweit die Inhalte auf dieser Seite nicht vom Betreiber erstellt wurden, werden die Urheberrechte Dritter beachtet. Insbesondere werden Inhalte Dritter als solche gekennzeichnet. Sollten Sie trotzdem auf eine Urheberrechtsverletzung aufmerksam werden, bitten wir um einen entsprechenden Hinweis. Bei Bekanntwerden von Rechtsverletzungen werden wir derartige Inhalte umgehend entfernen.<\/span><br \/>\n<span style=\"font-family: arial, helvetica, sans-serif;\"> Quelle:\u00a0<i><a href=\"http:\/\/www.e-recht24.de\/\" target=\"_top\" rel=\"nofollow\">http:\/\/www.e-recht24.de<\/a><\/i><\/span><\/p>\n<hr \/>\n<p>&nbsp;<\/p>\n","protected":false},"excerpt":{"rendered":"<p>Angaben gem\u00e4\u00df \u00a7 5 TMG: Frank Engels\u00a0 Gengerstr. 6 40239 D\u00fcsseldorf Ruf: 0172-2109653 Gesellschafter: Frank Engels Umsatzsteuer-Identifikationsnummer gem. \u00a7 27a UStG: DE XXXXXXXXX Inhaltlich Verantwortlicher gem. \u00a7 55 II RStV: Frank Engels (Anschrift s.o.) Kontakt: Frank Engels &#8211; Ruf\/Call: 0172-2109653 oder per E-Mail: Frank.Engels(at)dus4you.de Verantwortlich f\u00fcr den Inhalt nach \u00a7 55 Abs. 2 RStV: Frank&hellip; <br \/> <a class=\"button small blue\" href=\"https:\/\/dus4you.de\/index.php\/impressum\/\">Weiterlesen<\/a><\/p>\n","protected":false},"author":1,"featured_media":0,"parent":0,"menu_order":0,"comment_status":"closed","ping_status":"closed","template":"","meta":{"footnotes":""},"class_list":["post-79","page","type-page","status-publish","hentry"],"_links":{"self":[{"href":"https:\/\/dus4you.de\/index.php\/wp-json\/wp\/v2\/pages\/79","targetHints":{"allow":["GET"]}}],"collection":[{"href":"https:\/\/dus4you.de\/index.php\/wp-json\/wp\/v2\/pages"}],"about":[{"href":"https:\/\/dus4you.de\/index.php\/wp-json\/wp\/v2\/types\/page"}],"author":[{"embeddable":true,"href":"https:\/\/dus4you.de\/index.php\/wp-json\/wp\/v2\/users\/1"}],"replies":[{"embeddable":true,"href":"https:\/\/dus4you.de\/index.php\/wp-json\/wp\/v2\/comments?post=79"}],"version-history":[{"count":0,"href":"https:\/\/dus4you.de\/index.php\/wp-json\/wp\/v2\/pages\/79\/revisions"}],"wp:attachment":[{"href":"https:\/\/dus4you.de\/index.php\/wp-json\/wp\/v2\/media?parent=79"}],"curies":[{"name":"wp","href":"https:\/\/api.w.org\/{rel}","templated":true}]}}